ivative of 2*z + 0 + m*z**2 + 0*z**3 - 1/12*z**4. Determine j(-1).
0
Let b(j) = -3*j. Let m = 34 - 29. Suppose -3 + 13 = m*s. Calculate b(s).
-6
Let g(q) = 0 + 3*q + 5*q**2 + q**3 + 5 - q - 3. What is g(-5)?
-8
Suppose 8 = 3*t - t. Suppose -2*o + 2 + 13 = 3*l, -3*l = t*o - 9. Let k(y) = -l*y + 8 - 8. Determine k(1).
-7
Let k(j) = j**3 - 3*j**2 - 3*j - 4. Suppose 3*g = 3 + 21. Let a(p) = p - 6. Let w be a(g). Suppose -3*c = -w*c - 4. What is k(c)?
0
Let b(y) be the first derivative of 1 + 2*y - 1/2*y**3 + 2*y**2. Let s(f) be the first derivative of b(f). Calculate s(4).
-8
Let z = 4 - 6. Let g(b) = 3*b + 5. Let w(p) = -7*p - 11. Let o(c) = 9*g(c) + 4*w(c). What is o(z)?
3
Let t be 6 + -6 + (-16)/(-2). Let k(d) = 3 - 3 + d - t*d**3 - d**2 + 0*d. Determine k(1).
-8
Let u(s) be the third derivative of -s**4/24 + s**3/6 + s**2. Suppose -5*y - 6 = -1. Let x be (y/(-2))/(8/(-48)). Determine u(x).
4
Let b(r) = r**2 - 6*r + 4. Let g(f) = -f**3 - 3*f**2 + 5. Let d be g(-3). Determine b(d).
-1
Suppose -3*m - 3*m + 24 = 0. Let a(i) be the second derivative of i**3/6 - i**2 - i. What is a(m)?
2
Let w be (-6)/15 - 24/(-10). Let u be -5*(w + 6/(-5)). Let r(y) = 5 - 2*y + 27*y**2 - 88*y**2 + 34*y**2 + 26*y**2. Determine r(u).
-3
Let x(j) = 2*j. Let i(c) = 1. Let l(u) = 2*i(u) - x(u). What is l(-4)?
10
Let b(r) = 9*r**2 - 9. Let w(t) = -4*t**2 + 5. Let j(l) = 6*b(l) + 11*w(l). Give j(1).
11
Let s(j) = j - 6. Let w(v) = v - 6. Let x = 4 - 6. Let g(t) = x*s(t) + 3*w(t). Determine g(6).
0
Let k(l) be the first derivative of -l**3/3 + 3*l**2/2 + 7*l + 1. Let d be (-15)/(-12)*2*2. What is k(d)?
-3
Let w(d) = 2*d**2 + 3*d + 3. Let l be (8 - 4) + 2 + 3. Suppose -p + 11 = -n - 2*n, l = 3*n + 3*p. What is w(n)?
5
Let j(c) = 2*c + 4. Let t be 2 + (-5)/((-5)/18). Suppose -h - t = -3*h. Let n be (-1 - -3)*(-25)/h. Give j(n).
-6
Let o(y) = y**3 + 3*y + 1. Let g(q) = q**2. Let d(h) = -5*g(h) - o(h). Let z(l) = -2*l**2 + 25*l + 9. Let p be z(13). Determine d(p).
-5
Let l = -6 - -6. Suppose l = 2*m + 8. Let x = 5 + m. Let n(t) = -9*t**3 + t**2 - t. Give n(x).
-9
Let h(j) = 6 + 3 - 4 + 2 - j. Let w be h(13). Let u(n) = -n**3 - 6*n**2 - 2. Calculate u(w).
-2
Let b(o) = -o**2 - 8*o - 4. Let i(x) = x**3 - 4*x**2 + 4*x - 2. Let l be i(3). Let r(j) = -3*j**3 - 2*j**2 + 2*j - 1. Let s be r(l). Give b(s).
12
Let c(y) be the third derivative of 0*y + 1/24*y**4 + 0 - 2/3*y**3 + 4*y**2. What is c(-6)?
-10
Let z(r) = r**3 + 2*r**2 + 0*r**3 + 32 + 6*r - 31 - 3*r. What is z(-3)?
-17
Let k(b) = 3*b**3 - 2*b**2 + b + 2. Let p be k(-1). Let j(i) = -i**2 - 2*i + 3. What is j(p)?
-5
Let y(g) = 7*g**2 + 1. Let c(r) = -5 + 1 - 2*r + 4*r + 3. Let a be c(1). Determine y(a).
8
Let c(a) = -2*a**2 - 5*a - a + 8*a + 5*a**2 - a**3 - 5. Let v be (8/6 - 2)*-6. Give c(v).
-13
Suppose -3*d + 44 = -10. Let f be (-1 - -1)*(-6)/d. Let b(a) = a**2 - 5. Calculate b(f).
-5
Let i(x) = -1. Let q(c) = c - 3. Let o(m) = -4*i(m) + q(m). Let k = 6 - 8. What is o(k)?
-1
Let t(j) = -j**3 - 5*j**2 - j + 4. Let h(z) = -z + 2. Let n(v) = -v**2 - 6*v - 3. Let w be n(-6). Let y be h(w). Let l = y - 9. Calculate t(l).
-8
Let t(h) be the first derivative of h**2/2 + 2*h + 6. Give t(-4).
-2
Let c(l) be the third derivative of -l**6/180 - l**5/24 + l**4/24 + 2*l**2. Let h(k) be the second derivative of c(k). Give h(-4).
11
Let w(b) = b**3 + 3*b**2 - 3*b + 2. Let s(x) = x**2 - x + 1. Let i(c) = -2*s(c) + w(c). Suppose -q = 3*q - 12. Suppose -2 = -q*u + u. What is i(u)?
1
Let w(k) = -1. Let z(n) = -n - 3. Let o(y) = 2*w(y) + z(y). Let d(h) = -h - 2. Let u be d(-2). Determine o(u).
-5
Let d(l) = -l**2 + 4*l + 7. Let v be d(5). Let a(t) = 3*t - 3. Let j be a(2). Let g(c) = 3*c**3 - 5*c**3 - c**j - 1 + 0 + v*c**2. Determine g(1).
-2
Let m(t) = 11*t - 2*t - 2*t**2 + 5 + 12*t**2 + t**3. Let g be m(-9). Suppose k - g + 6 = 0. Let n(x) = -2*x**2 + x. Determine n(k).
-3
Suppose 3 + 0 = -h - 2*i, -2*i + 1 = 5*h. Let p = 3 + h. Let j(d) = 1 + 3*d - p*d + 2. What is j(5)?
-2
Let f(s) = s**2 + 0*s**2 + 1 + 2. Let j be 5 - (8/(-4))/(-1). Determine f(j).
12
Let t(f) = 2*f**2 - 12 + 5*f - 4*f + f**3 + 3 - 3*f**2. Let i(j) = -4*j - 7. Let h(m) = -m. Let u(k) = -3*h(k) + i(k). Let b be u(-7). Give t(b).
-9
Let t(y) = -2*y**2 - 5*y - 2. Let m be t(-3). Let s be m/((-5)/6) - 2. Suppose 0 = 4*w + 2*i - 22, -2*w - s*i + i = -21. Let n(b) = b**2 - 4*b + 2. Give n(w).
-1
Let l(y) = 12*y**3 + 3*y - 2*y - 2*y + 0*y**2 - y**2. Give l(-1).
-12
Let p(h) = -2*h**3 + 3*h**2 - h + 1. Let n = 4 + 2. Let o = n - 6. Suppose o = 4*y - 3*y + m - 4, 3*m = 5*y - 4. Determine p(y).
-5
Suppose 3*k - 5*d = 35, k - 5*d = 6*k - 5. Suppose 4*c - 5 = 11. Let i(y) = -1 + 0*y + k*y - c*y. Calculate i(-3).
-4
Let u(i) = 6*i**2 + i + 1. Suppose 2*n + 4 - 2 = 0. Determine u(n).
6
Let n be 29/6 + 1/6. Let q(a) = 2*a + 2 + n - a - 2. Calculate q(-3).
2
Let y(d) be the third derivative of -d**6/144 - d**4/24 + 3*d**2. Let l(w) be the second derivative of y(w). Calculate l(-1).
5
Suppose -x + 3*x + 4*t - 12 = 0, 30 = 5*x - 2*t. Let f(w) = w**2 - 7*w + 6. Calculate f(x).
0
Let z(d) = 2*d - 1. Let v be (-10)/(-50) + 29/5. Determine z(v).
11
Let q(w) = w**3 + 2*w**2 + w. Suppose -34*o = -30*o + 8. Give q(o).
-2
Let r(w) = w**2 - 6*w**2 - 1 + 2*w - w. Let y be r(1). Let d(p) = 2*p + 3. Determine d(y).
-7
Let j(d) = 2*d - 7. Let c(w) be the first derivative of -14*w + 5/2*w**2 + 2. Let m(g) = 4*c(g) - 9*j(g). Calculate m(-5).
-3
Let y(u) = u + 12. Let q be y(-10). Let w(n) = -2*n - 1. Let l(v) = v**2 + 9*v + 4. Let k(s) = q*l(s) + 9*w(s). Let t = -1 - -2. Give k(t).
1
Suppose -8*o + 15 = -3*o. Let w(z) = -1 + z**2 + 0 + o - z - 4. Let t be (-2)/(-5) + 2/(-5). Determine w(t).
-2
Let l(i) = -5*i + i + 1 + 5*i - 3. Determine l(7).
5
Let b be ((-2)/5)/(3/(-15)). Let p(w) = 2 - b*w - 2*w + 2*w - w. Suppose 5*y + 5*z = 0, -2*y = -2*z - 11 - 1. Give p(y).
-7
Let m(c) = -c**2 - c + 9. Suppose -4*o + 11 - 3 = 0. Suppose 3*z - 9 = -2*w, -o*z = 3*w - z - 3. Determine m(w).
9
Let y be 6/(-15) - (-24)/10. Let g(x) = 4*x**2 + x**y + 1 + 0*x**2. Let l be 2/6*(-2 + -1). Give g(l).
6
Let w(t) = 2*t - 2. Let c be w(0). Let d be (-14)/(c + 7 - 3). Let z(u) = u**3 + 7*u**2 - 7. Calculate z(d).
-7
Let i(c) = c**2 + 8*c - 1. Let u be i(-8). Suppose -j = 4 - 6. Let w(t) = -t + 2*t - 4 + t**j + 3. What is w(u)?
-1
Let g(w) be the second derivative of 1/10*w**6 + w**2 - 1/30*w**5 + 0 + 1/24*w**4 - 2*w + 0*w**3. Let i(h) be the first derivative of g(h). What is i(1)?
11
Let n be 27/6 + (-1)/2. Let x(w) = -2*w + 1. Calculate x(n).
-7
Let l(m) be the third derivative of -m**4/24 + m**3/3 - m**2. Let u(x) = 3*x**3 + x**2 - 2*x + 1. Suppose 2*r - 2 = -0*r. Let y be u(r). What is l(y)?
-1
Let y(p) = -p + 2. Let m be (0 + -3 + 4)*-5. Calculate y(m).
7
Let p(k) be the second derivative of -k**3/6 - 3*k**2 - 11*k. Give p(0).
-6
Let s = -15 - -19. Let h(x) = 2 + 4*x**2 + s*x + 2*x**2 - 3*x**2. Suppose -3*q - 1 - 11 = 3*u, -u = 2*q + 6. What is h(q)?
6
Let d(s) be the second derivative of 0 + 1/3*s**3 + 2*s - 5/2*s**2. Calculate d(4).
3
Let s(j) be the second derivative of -j**5/20 + 5*j**4/12 + 7*j**3/6 + 4*j**2 - 25*j. Suppose 2*c - 12 = -0*c. What is s(c)?
14
Suppose -2*z + 4 = -2. Let q(h) = 2*h**2 + 5*h - 1. Let a(u) = 5*u**2 + 15*u - 3. Let y(k) = -3*a(k) + 8*q(k). What is y(z)?
-5
Let q(x) be the first derivative of -3 + 1/2*x**2 + 5/4*x**4 - 1/3*x**3 + 0*x. Let o(c) = c + 4. Let g be o(-3). Give q(g).
5
Let l(x) be the third derivative of -x**6/120 + x**5/20 - x**4/8 + 3*x**2. Let b be l(2). Let j(o) = -o**3 - 3*o**2 - 1. Calculate j(b).
-5
Let m be (0 - 0)/(-1) - -2. Let w(v) = -4*v + v**3 + 2*v + 2 + m - 3*v**2. Let g = 1 + 2. Give w(g).
-2
Let n be (-3)/(1*6/4). Let h = n - -5. Let f(l) = -3*l**2 - 2*l + 3 + l**2 + l**3 + 0*l**2. What is f(h)?
6
Let d be (-1)/(-1) + (-2 - -3). Let b(m) = m**2 - 2*m. What is b(d)?
0
Let z(c) be the second derivative of -c**5/20 + 5*c**3/6 + c**2 + 4*c. What is z(-3)?
14
Let p(d) = -2*d**2 + 2*d**2 + 2*d**2 - 1 + 0*d**3 + 7*d**3. Calculate p(-1).
-6
Let c(q) = -q**2 - 4*q - 4. Let r = 17 - 22. What is c(r)?
-9
Let g(v) = -v**3 - 5*v**2 - 3*v - 2. Let r be 32/(-1) + (-1 - 0). Let y = -25 - -24. Let n be r/9 - y/(-3). Determine g(n).
-6
Suppose 0 = -3*c + 3*g - 27, 3*c + g = -c -